 10, what is -8 + 26?
18
In base 10, what is 108 - -2237?
2345
In base 11, what is 52 + -1297?
-1245
In base 12, what is 5 - 15a49?
-15a44
In base 2, what is -11 - -11110110110001110?
11110110110001011
In base 6, what is 20 + -5042?
-5022
In base 5, what is 204411313 + -2?
204411311
In base 6, what is 325 - -1222?
1551
In base 2, what is 1000111000 + 11011110100?
100100101100
In base 13, what is 5 + -1151ca?
-1151c5
In base 2, what is -110 - -10000101011111?
10000101011001
In base 16, what is -a + -fbf?
-fc9
In base 16, what is 420 - -fd?
51d
In base 2, what is 11111000 - 10110101011?
-10010110011
In base 11, what is -5 - 22142?
-22147
In base 9, what is -43368 + 2?
-43366
In base 14, what is -10 - 4636?
-4646
In base 11, what is -153 + a?
-144
In base 6, what is -131450 + -543?
-132433
In base 14, what is -1638 - -11?
-1627
In base 10, what is -21 - -10800?
10779
In base 12, what is 1665 + -5?
1660
In base 4, what is 3 + -1101012?
-1101003
In base 15, what is 3d28c - 0?
3d28c
In base 13, what is 2 - -176125?
176127
In base 8, what is -214 - 37361?
-37575
In base 15, what is 9a3 - -2?
9a5
In base 5, what is -42 - 2410012?
-2410104
In base 4, what is 1120 - -2123?
3303
In base 15, what is -96 + 346?
2a0
In base 2, what is 101 + -1111110011111010?
-1111110011110101
In base 7, what is -100322 + -32?
-100354
In base 13, what is ca6 + -11?
c95
In base 12, what is -66740 + 11?
-6672b
In base 4, what is -10331021202 - 1?
-10331021203
In base 11, what is -7a + 174?
a5
In base 8, what is 7500073 + -3?
7500070
In base 4, what is -1330302 + -11?
-1330313
In base 5, what is 10 - 32214302?
-32214242
In base 15, what is 11b8a + -4?
11b86
In base 11, what is 154 - -105?
259
In base 5, what is -40 - -12233?
12143
In base 16, what is -4 - -27ea?
27e6
In base 11, what is 3524 + 2?
3526
In base 8, what is -1322 + 255?
-1045
In base 15, what is 47b1 - -5?
47b6
In base 11, what is -190 - 0?
-190
In base 9, what is -5 - -452885?
452880
In base 6, what is 33040 - -4112?
41152
In base 14, what is 51 - a74?
-a23
In base 16, what is -d4 + -162?
-236
In base 2, what is -110010111110 - -1000100?
-110001111010
In base 2, what is -1110000000 + 11?
-1101111101
In base 8, what is -52412 + 2?
-52410
In base 6, what is -1020032 - 2?
-1020034
In base 13, what is 3446 - 4?
3442
In base 12, what is 17185 - 2?
17183
In base 8, what is -30426 + 32?
-30374
In base 10, what is -22 + 1625?
1603
In base 13, what is 2000 + 252?
2252
In base 5, what is -4 - 330403?
-330412
In base 13, what is -104 - -3b30?
3a29
In base 12, what is -15 - b26?
-b3b
In base 12, what is 53 - 1070?
-1019
In base 10, what is 126 + 137?
263
In base 15, what is -4 - 2e7a?
-2e7e
In base 7, what is -1431 - 4021?
-5452
In base 14, what is -1 + 997b?
997a
In base 7, what is 444 - -13145?
13622
In base 8, what is -23550566 + 2?
-23550564
In base 3, what is 101 + 221200000?
221200101
In base 4, what is -10 - 11132212?
-11132222
In base 11, what is 12 + -4817?
-4805
In base 3, what is 1001 + 210102012?
210110020
In base 12, what is 4 - -19b9?
1a01
In base 6, what is -25251233 + -14?
-25251251
In base 16, what is 0 + -3191e?
-3191e
In base 16, what is -21 - -1291?
1270
In base 12, what is 98 - -271?
349
In base 8, what is -652 - 6450?
-7322
In base 13, what is -7463 - -8?
-7458
In base 9, what is 0 + 32741?
32741
In base 5, what is -4 + -10400?
-10404
In base 7, what is 2 + -606330?
-606325
In base 12, what is 4 - -930a4?
930a8
In base 8, what is 11 - -630?
641
In base 16, what is 22b + -232?
-7
In base 15, what is 6 + -11ed?
-11e7
In base 12, what is 234 - 1b6?
3a
In base 16, what is -1dd395 + -3?
-1dd398
In base 10, what is -1725 - -9?
-1716
In base 4, what is 23123221 + 123?
23130010
In base 12, what is 4a - 282?
-234
In base 8, what is 105 + -265?
-160
In base 8, what is 74 + 56612?
56706
In base 3, what is -2 + 1110002211?
1110002202
In base 12, what is 36b + -424?
-75
In base 5, what is -1124221 - 4?
-1124230
In base 10, what is 3478 - -2?
3480
In base 12, what is 4 + -b6904?
-b6900
In base 6, what is -354225 - -3?
-354222
In base 15, what is -600 + -508?
-b08
In base 9, what is -31 + 172384?
172353
In base 11, what is -11 + -3603?
-3614
In base 4, what is -100021133 + -1?
-100021200
In base 4, what is -10 + 21330103?
21330033
In base 2, what is -1001010100010001110000 - -10?
-1001010100010001101110
In base 7, what is 14123 - 13?
14110
In base 6, what is -4232 + 0?
-4232
In base 8, what is 57323 + 2?
57325
In base 6, what is 1 - -113305?
113310
In base 2, what is -1 + -1011011100110?
-1011011100111
In base 2, what is -1101110101110101 + 0?
-1101110101110101
In base 14, what is -373 + 15?
-35c
In base 10, what is -2129 + -2?
-2131
In base 15, what is 43 + 11393?
113d6
In base 8, what is -106 - 25242?
-25350
In base 16, what is a029 - -4?
a02d
In base 16, what is 239 - 2b?
20e
In base 7, what is 63 + 14555?
14651
In base 9, what is 181 + 1220?
1411
In base 14, what is -48519 + c?
-4850b
In base 6, what is -2002 - -11505?
5503
In base 13, what is -1 + 2a5a0?
2a59c
In base 5, what is -10432112 + 12?
-10432100
In base 7, what is 16111 + 4?
16115
In base 13, what is -27874 + 19?
-27858
In base 8, what is -565742 + -10?
-565752
In base 14, what is 9659d + -2?
9659b
In base 7, what is -56634 - 104?
-60041
In base 12, what is 102 - -9b?
1a1
In base 11, what is 329 - 2a?
2aa
In base 7, what is 1 + -62212?
-62211
In base 14, what is 24 - 618?
-5d4
In base 16, what is b4b + -13?
b38
In base 16, what is 65 + -166?
-101
In base 9, what is -260535 + 2?
-260533
In base 5, what is -301243 - 1?
-301244
In base 6, what is -513111 - 30?
-513141
In base 16, what is -fa6c - 0?
-fa6c
In base 4, what is 10 - 1313302003?
-1313301333
In base 15, what is 5 + -26b7?
-26b2
In base 13, what is -838 - 5?
-840
In base 12, what is 28 + -85b?
-833
In base 8, what is 2753 - 74?
2657
In base 11, what is 1226858 - -1?
1226859
In base 4, what is 10 - 112012322?
-112012312
In base 13, what is 2405 + -1?
2404
In base 14, what is -5 + -24c0c?
-24c13
In base 7, what is 2644604 + 1?
2644605
In base 5, what is -2120 - 11334?
-14004
In base 2, what is -101 + 101011101001011?
101011101000110
In base 2, what is 111 - -111100101001001?
111100101010000
In base 10, what is 3 + -7307?
-7304
In base 15, what is -112 + 12a?
18
In base 4, what is 10 + 11312333?
11313003
In base 8, what is 67744 - -2?
67746
In base 7, what is 124655 - 12?
124643
In base 6, what is 114331 - 0?
114331
In base 4, what is -12211203 + -112?
-12211321
In base 6, what is 1154 + 3?
1201
In base 4, what is 1203110 + -10021?
1133023
In base 16, what is 46e39 + 0?
46e39
In base 16, what is 16d3f5 + -3?
16d3f2
In base 15, what is 9ded + -1?
9dec
In base 15, what is -9 - -39d7?
39cd
In base 11, what is -31850 - -20?
-31830
In base 7, what is -12 + 110312?
110300
In base 12, what is -188 - 185?
-351
In base 3, what is 22020222 - 20?
22020202
In base 11, what is -61a28 + -39?
-61a66
In base 11, what is 13091 + 5?
13096
In base 3, what is -202 + -1110110?
-1111012
In base 3, what is -112 + 202022?
201210
In base 6, what is -210 + -42311?
-42521
In base 15, what is 358ab - -2?
358ad
In base 4, what is -31012 - 10111?
-101123
In base 5, what is -3323312 + -144?
-3324011
In base 13, what is 5457 + 8?
5462
In base 5, what is 4 + -131240?
-131231
In base 7, what is 5 + 325424?
325432
In base 14, what is -33c + -44?
-382
In base 11, what is 109 - 89?
30
In base 10, what is -87042 - 5?
-87047
In base 15, what is -1953 - a?
-195d
In base 8, what is -6 - 476204?
-476212
In base 13, what is -b + -47ba?
-47c8
In base 8, what is -443 - 3272?
-3735
In base 8, what is -116 - 67726?
-70044
In base 4, what is 1321 - 11213?
-3232
In base 5, what is -33 + -40132?
-40220
In base 11, what is -424 + -127?
-550
In base 13, what is -748a2 + -4?
-748a6
In base 14, what is 2 + -a0834?
-a0832
In base 13, what is -3076 - -22?
-3054
In base 2, what is -11010000000110 - 1?
-11010000000111
In base 2, what is -1000101 - 1111001100?
-10000010001
In base 3, what is -2000222010 - -10100?
-2000211210
In base 11, what is 5 + 332029?
332033
In base 14, what is 18 + -344?
-32a
In base 13, what is -124 + -14c?
-273
In base 8, what is 122775 - -4?
123001
In base 11, what is -950 - 878?
-1718
In base 10, what is -4 - -2468?
2464
In bas